{"id":357,"date":"2024-05-30T13:02:34","date_gmt":"2024-05-30T12:02:34","guid":{"rendered":"https:\/\/blogs.ess-edu.pt\/1deb1lamego2009\/?page_id=357"},"modified":"2024-05-30T13:02:36","modified_gmt":"2024-05-30T12:02:36","slug":"mapa-do-sitio","status":"publish","type":"page","link":"https:\/\/blogs.ess-edu.pt\/1deb1lamego2009\/mapa-do-sitio\/","title":{"rendered":"Mapa do S\u00edtio"},"content":{"rendered":"<div class=\"wsp-container\"><h2 class=\"wsp-pages-title\">Pages<\/h2>\n<ul class=\"wsp-pages-list\">\n<li class=\"page_item page-item-2\"><a href=\"https:\/\/blogs.ess-edu.pt\/1deb1lamego2009\/about\/\">Acerca<\/a><\/li>\n<li class=\"page_item page-item-357\"><a href=\"https:\/\/blogs.ess-edu.pt\/1deb1lamego2009\/mapa-do-sitio\/\">Mapa do S\u00edtio<\/a><\/li>\n<\/ul>\n<h2 class=\"wsp-posts-title\">Posts by category<\/h2>\n<ul class=\"wsp-posts-list\">\n\t<li><strong class=\"wsp-category-title\">Category: <a href=\"https:\/\/blogs.ess-edu.pt\/1deb1lamego2009\/category\/sem-categoria\/\">Sem categoria<\/a><\/strong>\n<ul class=\"wsp-posts-list\">\t\t<li class=\"wsp-post\"><a href=\"https:\/\/blogs.ess-edu.pt\/1deb1lamego2009\/2010\/09\/16\/estamos-de-volta\/\">Estamos de volta&#8230;<\/a><\/li>\n\t\t<li class=\"wsp-post\"><a href=\"https:\/\/blogs.ess-edu.pt\/1deb1lamego2009\/2010\/05\/22\/as-nossas-professoras-estagiarias-ja-terminaram-o-estagio\/\">As nossas Professoras Estagi\u00e1rias j\u00e1 terminaram o Est\u00e1gio&#8230;<\/a><\/li>\n\t\t<li class=\"wsp-post\"><a href=\"https:\/\/blogs.ess-edu.pt\/1deb1lamego2009\/2010\/05\/22\/e-as-pecas-de-barro-ja-foram-ao-forno\/\">E&#8230; as pe\u00e7as de barro j\u00e1 foram ao forno!<\/a><\/li>\n\t\t<li class=\"wsp-post\"><a href=\"https:\/\/blogs.ess-edu.pt\/1deb1lamego2009\/2010\/05\/02\/venham-ler-nos-na-biblioteca\/\">&#8220;Venham ler-nos na Biblioteca&#8230;&#8221;<\/a><\/li>\n\t\t<li class=\"wsp-post\"><a href=\"https:\/\/blogs.ess-edu.pt\/1deb1lamego2009\/2010\/04\/21\/o-25-de-abril-de-1974\/\">O 25 de Abril de 1974<\/a><\/li>\n\t\t<li class=\"wsp-post\"><a href=\"https:\/\/blogs.ess-edu.pt\/1deb1lamego2009\/2010\/03\/27\/feliz-pascoa-2010\/\">Feliz P\u00e1scoa 2010<\/a><\/li>\n\t\t<li class=\"wsp-post\"><a href=\"https:\/\/blogs.ess-edu.pt\/1deb1lamego2009\/2010\/03\/20\/estacoes-do-ano\/\">Esta\u00e7\u00f5es do Ano<\/a><\/li>\n\t\t<li class=\"wsp-post\"><a href=\"https:\/\/blogs.ess-edu.pt\/1deb1lamego2009\/2010\/03\/20\/dia-do-pai\/\">Dia do Pai!!!<\/a><\/li>\n\t\t<li class=\"wsp-post\"><a href=\"https:\/\/blogs.ess-edu.pt\/1deb1lamego2009\/2010\/03\/16\/culinaria-queijadas-economicas\/\">Culin\u00e1ria &#8211; Queijadas Econ\u00f3micas<\/a><\/li>\n\t\t<li class=\"wsp-post\"><a href=\"https:\/\/blogs.ess-edu.pt\/1deb1lamego2009\/2010\/03\/15\/animacao-na-areia\/\">Anima\u00e7\u00e3o na areia<\/a><\/li>\n\t\t<li class=\"wsp-post\"><a href=\"https:\/\/blogs.ess-edu.pt\/1deb1lamego2009\/2010\/02\/27\/quinta-feira-em-cheio\/\">Quinta-Feira em cheio&#8230;<\/a><\/li>\n\t\t<li class=\"wsp-post\"><a href=\"https:\/\/blogs.ess-edu.pt\/1deb1lamego2009\/2010\/02\/17\/novos-habitantes-na-nossa-sala\/\">Novos Habitantes na Nossa Sala&#8230;<\/a><\/li>\n\t\t<li class=\"wsp-post\"><a href=\"https:\/\/blogs.ess-edu.pt\/1deb1lamego2009\/2010\/01\/27\/algumas-actividades\/\">Algumas Actividades<\/a><\/li>\n\t\t<li class=\"wsp-post\"><a href=\"https:\/\/blogs.ess-edu.pt\/1deb1lamego2009\/2010\/01\/27\/chegou-fruta-a-nossa-escola\/\">Chegou fruta \u00e0 nossa Escola&#8230;<\/a><\/li>\n\t\t<li class=\"wsp-post\"><a href=\"https:\/\/blogs.ess-edu.pt\/1deb1lamego2009\/2010\/01\/10\/dia-de-reis\/\">Dia de Reis<\/a><\/li>\n\t\t<li class=\"wsp-post\"><a href=\"https:\/\/blogs.ess-edu.pt\/1deb1lamego2009\/2010\/01\/09\/2010-chegou\/\">2010 CHEGOU<\/a><\/li>\n\t\t<li class=\"wsp-post\"><a href=\"https:\/\/blogs.ess-edu.pt\/1deb1lamego2009\/2009\/12\/19\/hello-world\/\">Ol\u00e1, mundo!<\/a><\/li>\n<\/ul><\/li>\n<\/ul>\n<\/div>\n","protected":false},"excerpt":{"rendered":"","protected":false},"author":1,"featured_media":0,"parent":0,"menu_order":0,"comment_status":"closed","ping_status":"closed","template":"","meta":{"jetpack_post_was_ever_published":false,"footnotes":""},"class_list":["post-357","page","type-page","status-publish","hentry"],"jetpack_shortlink":"https:\/\/wp.me\/PaunY7-5L","jetpack_sharing_enabled":true,"jetpack-related-posts":[],"_links":{"self":[{"href":"https:\/\/blogs.ess-edu.pt\/1deb1lamego2009\/wp-json\/wp\/v2\/pages\/357","targetHints":{"allow":["GET"]}}],"collection":[{"href":"https:\/\/blogs.ess-edu.pt\/1deb1lamego2009\/wp-json\/wp\/v2\/pages"}],"about":[{"href":"https:\/\/blogs.ess-edu.pt\/1deb1lamego2009\/wp-json\/wp\/v2\/types\/page"}],"author":[{"embeddable":true,"href":"https:\/\/blogs.ess-edu.pt\/1deb1lamego2009\/wp-json\/wp\/v2\/users\/1"}],"replies":[{"embeddable":true,"href":"https:\/\/blogs.ess-edu.pt\/1deb1lamego2009\/wp-json\/wp\/v2\/comments?post=357"}],"version-history":[{"count":0,"href":"https:\/\/blogs.ess-edu.pt\/1deb1lamego2009\/wp-json\/wp\/v2\/pages\/357\/revisions"}],"wp:attachment":[{"href":"https:\/\/blogs.ess-edu.pt\/1deb1lamego2009\/wp-json\/wp\/v2\/media?parent=357"}],"curies":[{"name":"wp","href":"https:\/\/api.w.org\/{rel}","templated":true}]}}