{"id":6,"date":"2008-11-06T16:12:02","date_gmt":"2008-11-06T15:12:02","guid":{"rendered":"http:\/\/blogs.ess-edu.pt\/ap12b2008\/apresentacao-grupo-4\/"},"modified":"2008-11-06T16:13:39","modified_gmt":"2008-11-06T15:13:39","slug":"apresentacao-grupo-4","status":"publish","type":"page","link":"https:\/\/blogs.ess-edu.pt\/ap12b2008\/apresentacao-grupo-4\/","title":{"rendered":"Apresenta\u00e7\u00e3o Grupo 4"},"content":{"rendered":"<p><font color=\"#000080\" face=\"Calibri\"><strong>Ol\u00e1!<\/strong><\/font><\/p>\n<p><font color=\"#000080\" face=\"Calibri\">Como j\u00e1 temos vindo a divulgar, n\u00f3s, grupo 4, estamos a trabalhar no projecto Del8, no \u00e2mbito da disciplina de \u00c1rea de Projecto.<\/font><\/p>\n<p><font color=\"#000080\" face=\"Calibri\">O nosso grupo \u00e9 constitu\u00eddo pela <u>C\u00e1tia<\/u>, <u>Ferraz<\/u>, <u>Jo\u00e3o Sousa<\/u>, <u>Henriques<\/u> e <u>Sofia<\/u>. O grupo foi responsabilizado pelo estudo e desenvolvimento mais aprofundado dos seguintes objectivos constituintes do Del8: <\/font><\/p>\n<ul>\n<li><font color=\"#000080\"><em><font face=\"Calibri\">Melhorar a sa\u00fade materna;<\/font><\/em><\/font><\/li>\n<li><font color=\"#000080\"><em><font face=\"Calibri\">Sustentabilidade ambiental.<\/font><\/em><\/font><font color=\"#000080\" face=\"Calibri\">\u00a0<\/font><\/li>\n<\/ul>\n<p><font color=\"#000080\" face=\"Calibri\">Projectos desenvolvidos por n\u00f3s no \u00e2mbito do projecto Del8:<\/font><\/p>\n<p><font color=\"#000080\"><font face=\"Calibri\">Abordagem aos temas atrav\u00e9s de pesquisas realizadas na Internet, como tamb\u00e9m em artigos retirados da imprensa;<\/font><\/font><\/p>\n<ul>\n<li><font color=\"#000080\"><font face=\"Calibri\">Selec\u00e7\u00e3o dos fragmentos de informa\u00e7\u00e3o mais importantes;<\/font><\/font><\/li>\n<li><font color=\"#000080\"><font face=\"Calibri\">Realiza\u00e7\u00e3o de um inqu\u00e9rito aos alunos da escola;<\/font><\/font><\/li>\n<li><font color=\"#000080\"><font face=\"Calibri\">Realiza\u00e7\u00e3o de uma entrevista <strong><em>(em desenvolvimento)<\/em><\/strong>;<strong><\/strong><\/font><\/font><\/li>\n<li><font color=\"#000080\"><font face=\"Calibri\">Tratamento dos dados do inqu\u00e9rito <strong><em>(em desenvolvimento)<\/em><\/strong>.<\/font><\/font><\/li>\n<\/ul>\n","protected":false},"excerpt":{"rendered":"<p>Ol\u00e1!<\/p>\n<p>Como j\u00e1 temos vindo a divulgar, n\u00f3s, grupo 4, estamos a trabalhar no projecto Del8, no \u00e2mbito da disciplina de \u00c1rea de Projecto.<\/p>\n<p>O nosso grupo \u00e9 constitu\u00eddo pela C\u00e1tia, Ferraz, Jo\u00e3o Sousa, Henriques e Sofia. O grupo foi responsabilizado pelo estudo e desenvolvimento mais aprofundado dos seguintes objectivos constituintes do Del8: <\/p>\n<p> Melhorar [&#8230;]<\/p>\n","protected":false},"author":29,"featured_media":0,"parent":0,"menu_order":0,"comment_status":"open","ping_status":"open","template":"","meta":{"jetpack_post_was_ever_published":false,"footnotes":""},"class_list":["post-6","page","type-page","status-publish","hentry","odd"],"jetpack_sharing_enabled":true,"jetpack_shortlink":"https:\/\/wp.me\/PaunIL-6","jetpack-related-posts":[],"_links":{"self":[{"href":"https:\/\/blogs.ess-edu.pt\/ap12b2008\/wp-json\/wp\/v2\/pages\/6","targetHints":{"allow":["GET"]}}],"collection":[{"href":"https:\/\/blogs.ess-edu.pt\/ap12b2008\/wp-json\/wp\/v2\/pages"}],"about":[{"href":"https:\/\/blogs.ess-edu.pt\/ap12b2008\/wp-json\/wp\/v2\/types\/page"}],"author":[{"embeddable":true,"href":"https:\/\/blogs.ess-edu.pt\/ap12b2008\/wp-json\/wp\/v2\/users\/29"}],"replies":[{"embeddable":true,"href":"https:\/\/blogs.ess-edu.pt\/ap12b2008\/wp-json\/wp\/v2\/comments?post=6"}],"version-history":[{"count":0,"href":"https:\/\/blogs.ess-edu.pt\/ap12b2008\/wp-json\/wp\/v2\/pages\/6\/revisions"}],"wp:attachment":[{"href":"https:\/\/blogs.ess-edu.pt\/ap12b2008\/wp-json\/wp\/v2\/media?parent=6"}],"curies":[{"name":"wp","href":"https:\/\/api.w.org\/{rel}","templated":true}]}}