{"id":189,"date":"2011-03-10T01:30:40","date_gmt":"2011-03-10T01:30:40","guid":{"rendered":"http:\/\/blogs.ess-edu.pt\/sm2010\/?page_id=189"},"modified":"2023-10-01T15:12:51","modified_gmt":"2023-10-01T15:12:51","slug":"desafio-2011","status":"publish","type":"page","link":"https:\/\/blogs.ess-edu.pt\/sm2010\/desafio-sm\/desafio-2011\/","title":{"rendered":"Desafio 2011"},"content":{"rendered":"<p>O Desafio da Semana da Matem\u00e1tica inclui a resolu\u00e7\u00e3o de um problema, cujo enunciado est\u00e1 numa p\u00e1gina, protegida por uma palavra-chave, do <a href=\"https:\/\/blogs.ess-edu.pt\/sm2010\/\">S\u00edtio com Matem\u00e1tica<\/a> (<a href=\"https:\/\/blogs.ess-edu.pt\/sm2010\/\">https:\/\/blogs.ess-edu.pt\/sm2010\/<\/a>).<\/p>\n<p>A palavra-chave de <a href=\"https:\/\/blogs.ess-edu.pt\/sm2010\/?page_id=198\">acesso ao enunciado<\/a> \u00e9 a solu\u00e7\u00e3o do seguinte problema:<\/p>\n<p style=\"text-align: center;\"><a href=\"https:\/\/blogs.ess-edu.pt\/sm2010\/files\/2010\/03\/enigma13478.jpg\"><img loading=\"lazy\" decoding=\"async\" data-attachment-id=\"124\" data-permalink=\"https:\/\/blogs.ess-edu.pt\/sm2010\/desafio-sm\/desafio-da-sm-2010\/enigma13478\/\" data-orig-file=\"https:\/\/blogs.ess-edu.pt\/sm2010\/files\/2010\/03\/enigma13478.jpg\" data-orig-size=\"600,407\" data-comments-opened=\"1\" data-image-meta=\"{&quot;aperture&quot;:&quot;0&quot;,&quot;credit&quot;:&quot;&quot;,&quot;camera&quot;:&quot;HP pstc4380&quot;,&quot;caption&quot;:&quot;&quot;,&quot;created_timestamp&quot;:&quot;0&quot;,&quot;copyright&quot;:&quot;&quot;,&quot;focal_length&quot;:&quot;0&quot;,&quot;iso&quot;:&quot;0&quot;,&quot;shutter_speed&quot;:&quot;0&quot;,&quot;title&quot;:&quot;&quot;}\" data-image-title=\"enigma13478\" data-image-description=\"\" data-image-caption=\"\" data-large-file=\"https:\/\/blogs.ess-edu.pt\/sm2010\/files\/2010\/03\/enigma13478.jpg\" class=\"alignleft wp-image-124 size-medium\" src=\"http:\/\/blogs.ess-edu.pt\/sm2010\/files\/2010\/03\/enigma13478-300x203.jpg\" alt=\"\" width=\"300\" height=\"203\" srcset=\"https:\/\/blogs.ess-edu.pt\/sm2010\/files\/2010\/03\/enigma13478-300x203.jpg 300w, https:\/\/blogs.ess-edu.pt\/sm2010\/files\/2010\/03\/enigma13478.jpg 600w\" sizes=\"auto, (max-width: 300px) 100vw, 300px\" \/><\/a><br \/>\n<strong><span style=\"font-size: medium;\">A Palavra-chave<\/span><\/strong><\/p>\n<p><span style=\"font-size: medium;\">Qual \u00e9 o s\u00e9timo termo da sequ\u00eancia<br \/>\n1, 2, 6, 24, 120, 720,\u00a0_______ ?<\/span><\/p>\n<p><a href=\"https:\/\/web.archive.org\/web\/20200129153653\/http:\/\/www.educ.fc.ul.pt\/icm\/icm99\/icm31\/sequencias.htm\" target=\"_blank\" rel=\"noopener\">Saber o que \u00e9 uma sequ\u00eancia&#8230;<\/a> <a href=\"https:\/\/www.youtube.com\/watch?v=lUA7Kpnr8Bg&amp;t=142s\" target=\"_blank\" rel=\"noopener\">Mais&#8230;<\/a><\/p>\n<p><span style=\"color: #000080;\">A palavra-chave de acesso \u00e0 p\u00e1gina do enunciado do problema \u00e9, portanto, <strong><span style=\"text-decoration: underline;\">o s\u00e9timo termo<\/span><\/strong> da sequ\u00eancia.<\/span><\/p>\n<p><a href=\"https:\/\/blogs.ess-edu.pt\/sm2010\/?page_id=198\">Acesso ao enunciado<\/a><\/p>\n<p><span style=\"font-size: medium;\">\u00a0<\/span><\/p>\n<p style=\"text-align: center;\"><strong>REGULAMENTO<\/strong><\/p>\n<ol>\n<li>Este desafio realiza-se no \u00e2mbito da Semana da Matem\u00e1tica, sendo respons\u00e1veis os professores Ant\u00f3nio Amaral e Filipe Ferraz.<\/li>\n<li>A participa\u00e7\u00e3o est\u00e1 aberta aos alunos do 2.\u00ba e 3.\u00ba Ciclos do Ensino B\u00e1sico e Ensino Secund\u00e1rio da Escola Secund\u00e1ria\/2,3 da S\u00e9 \u2013 Lamego, integrados nas seguintes categorias: Categoria A (2.\u00ba Ciclo), Categoria B (3.\u00ba Ciclo) e Categoria C (Secund\u00e1rio).<\/li>\n<li>Est\u00e1 tamb\u00e9m aberta a participa\u00e7\u00e3o ao pessoal docente (com excep\u00e7\u00e3o de professores de Matem\u00e1tica) e ao pessoal n\u00e3o docente da Escola Secund\u00e1ria\/2,3 da S\u00e9 \u2013 Lamego, que concorrer\u00e1, em Categoria Especial, ao problema da Categoria B.<\/li>\n<li>Este desafio decorre de 14 a 31 de Mar\u00e7o de 2011.<\/li>\n<li>A resolu\u00e7\u00e3o do problema deve ser remetida por via electr\u00f3nica at\u00e9 \u00e0s 24 horas do dia 31 de Mar\u00e7o de 2011, nos termos a divulgar numa das etapas do desafio.<\/li>\n<li>S\u00e3o participantes vencedores todos aqueles que atinjam a \u00faltima etapa do desafio.<\/li>\n<li>Terminado o desafio, ser\u00e3o divulgados no <a href=\"https:\/\/blogs.ess-edu.pt\/sm2010\/\" target=\"_blank\" rel=\"noopener\">S\u00edtio com Matem\u00e1tica<\/a> os nomes dos participantes vencedores.<\/li>\n<li>Ser\u00e1 atribu\u00eddo um pr\u00e9mio por categoria, de acordo com a aprecia\u00e7\u00e3o do J\u00fari sobre a qualidade da resolu\u00e7\u00e3o apresentada.<\/li>\n<li>Todos os participantes no desafio aderem automaticamente a todas as cl\u00e1usulas deste regulamento.<\/li>\n<li>Os casos omissos do presente regulamento ser\u00e3o resolvidos pelo J\u00fari.<\/li>\n<\/ol>\n<p><a href=\"https:\/\/blogs.ess-edu.pt\/sm2010\/files\/2011\/03\/DSM-2011_cartaz1.pdf\">DSM-2011_cartaz1<\/a><\/p>\n<p><a href=\"https:\/\/blogs.ess-edu.pt\/sm2010\/files\/2011\/03\/DSM-2011_cartaz2.pdf\">DSM-2011_cartaz2<\/a><\/p>\n","protected":false},"excerpt":{"rendered":"<p>O Desafio da Semana da Matem\u00e1tica inclui a resolu\u00e7\u00e3o de um problema, cujo enunciado est\u00e1 numa p\u00e1gina, protegida por uma palavra-chave, do S\u00edtio com Matem\u00e1tica (https:\/\/blogs.ess-edu.pt\/sm2010\/). A palavra-chave de acesso ao enunciado \u00e9 a solu\u00e7\u00e3o do seguinte problema: A Palavra-chave Qual \u00e9 o s\u00e9timo termo da sequ\u00eancia 1, 2, 6, 24, 120, 720,\u00a0_______ ? Saber [&hellip;]<\/p>\n","protected":false},"author":1,"featured_media":0,"parent":282,"menu_order":0,"comment_status":"open","ping_status":"closed","template":"","meta":{"jetpack_post_was_ever_published":false,"footnotes":""},"class_list":["post-189","page","type-page","status-publish","czr-hentry"],"jetpack_sharing_enabled":true,"jetpack_shortlink":"https:\/\/wp.me\/PaunYK-33","jetpack-related-posts":[{"id":122,"url":"https:\/\/blogs.ess-edu.pt\/sm2010\/desafio-sm\/desafio-da-sm-2010\/","url_meta":{"origin":189,"position":0},"title":"Desafio 2010","author":"Ant\u00f3nio Amaral","date":"10 de Mar\u00e7o de 2010","format":false,"excerpt":"O Desafio da Semana da Matem\u00e1tica\u00a0inclui a resolu\u00e7\u00e3o de um problema, cujo enunciado est\u00e1 numa p\u00e1gina, protegida por uma palavra-chave,\u00a0do S\u00edtio com Matem\u00e1tica (https:\/\/blogs.ess-edu.pt\/sm2010\/). A palavra-chave de acesso ao enunciado \u00e9\u00a0a solu\u00e7\u00e3o do seguinte problema: A Palavra-chave Qual \u00e9 o sexto termo\u00a0da sequ\u00eancia 1, 2, 6, 42, 1806, _______ ?\u2026","rel":"","context":"In &quot;Sem categoria&quot;","block_context":{"text":"Sem categoria","link":"https:\/\/blogs.ess-edu.pt\/sm2010\/category\/sem-categoria\/"},"img":{"alt_text":"","src":"https:\/\/i0.wp.com\/blogs.ess-edu.pt\/sm2010\/files\/2010\/03\/enigma13478-300x203.jpg?resize=350%2C200","width":350,"height":200},"classes":[]},{"id":287,"url":"https:\/\/blogs.ess-edu.pt\/sm2010\/desafio-sm\/desafio-2012\/","url_meta":{"origin":189,"position":1},"title":"Desafio 2012","author":"admin","date":"19 de Mar\u00e7o de 2012","format":false,"excerpt":"O Desafio da Semana da Matem\u00e1tica inclui a resolu\u00e7\u00e3o de um problema, cujo enunciado est\u00e1 numa p\u00e1gina, protegida por uma palavra-chave, do S\u00edtio com Matem\u00e1tica (https:\/\/blogs.ess-edu.pt\/sm2010\/). A palavra-chave de acesso ao enunciado \u00e9 a solu\u00e7\u00e3o da seguinte quest\u00e3o: A Palavra-chave Qual \u00e9 o s\u00e9timo termo da sequ\u00eancia 1, 2, 6,\u2026","rel":"","context":"Similar post","block_context":{"text":"Similar post","link":""},"img":{"alt_text":"","src":"https:\/\/i0.wp.com\/blogs.ess-edu.pt\/sm2010\/files\/2010\/03\/enigma13478-300x203.jpg?resize=350%2C200","width":350,"height":200},"classes":[]},{"id":282,"url":"https:\/\/blogs.ess-edu.pt\/sm2010\/desafio-sm\/","url_meta":{"origin":189,"position":2},"title":"Desafio SM","author":"admin","date":"19 de Mar\u00e7o de 2012","format":false,"excerpt":"O Desafio da Semana da Matem\u00e1tica\u00a0inclui a resolu\u00e7\u00e3o de um problema, cujo enunciado est\u00e1 numa p\u00e1gina, protegida por uma palavra-chave,\u00a0do\u00a0S\u00edtio com Matem\u00e1tica\u00a0(https:\/\/blogs.ess-edu.pt\/sm2010\/). No menu acima, selecione o Desafio da Semana da Matem\u00e1tica pretendido.","rel":"","context":"Similar post","block_context":{"text":"Similar post","link":""},"img":{"alt_text":"","src":"","width":0,"height":0},"classes":[]},{"id":2,"url":"https:\/\/blogs.ess-edu.pt\/sm2010\/about\/","url_meta":{"origin":189,"position":3},"title":"Acerca","author":"admin","date":"27 de Fevereiro de 2010","format":false,"excerpt":"Este \u00e9 um exemplo de uma p\u00e1gina do WordPress. Poderia edit\u00e1-la para colocar informa\u00e7\u00f5es sobre si ou sobre o seu site. \u00e9 poss\u00edvel criar tantas p\u00e1ginas deste tipo quantas pretender e gerir todo o conte\u00fado a partir do WordPress.","rel":"","context":"Similar post","block_context":{"text":"Similar post","link":""},"img":{"alt_text":"","src":"","width":0,"height":0},"classes":[]}],"_links":{"self":[{"href":"https:\/\/blogs.ess-edu.pt\/sm2010\/wp-json\/wp\/v2\/pages\/189","targetHints":{"allow":["GET"]}}],"collection":[{"href":"https:\/\/blogs.ess-edu.pt\/sm2010\/wp-json\/wp\/v2\/pages"}],"about":[{"href":"https:\/\/blogs.ess-edu.pt\/sm2010\/wp-json\/wp\/v2\/types\/page"}],"author":[{"embeddable":true,"href":"https:\/\/blogs.ess-edu.pt\/sm2010\/wp-json\/wp\/v2\/users\/1"}],"replies":[{"embeddable":true,"href":"https:\/\/blogs.ess-edu.pt\/sm2010\/wp-json\/wp\/v2\/comments?post=189"}],"version-history":[{"count":0,"href":"https:\/\/blogs.ess-edu.pt\/sm2010\/wp-json\/wp\/v2\/pages\/189\/revisions"}],"up":[{"embeddable":true,"href":"https:\/\/blogs.ess-edu.pt\/sm2010\/wp-json\/wp\/v2\/pages\/282"}],"wp:attachment":[{"href":"https:\/\/blogs.ess-edu.pt\/sm2010\/wp-json\/wp\/v2\/media?parent=189"}],"curies":[{"name":"wp","href":"https:\/\/api.w.org\/{rel}","templated":true}]}}