{"id":55,"date":"2010-03-06T01:23:11","date_gmt":"2010-03-06T01:23:11","guid":{"rendered":"http:\/\/blogs.ess-edu.pt\/sm2010\/?page_id=55"},"modified":"2024-06-09T17:12:38","modified_gmt":"2024-06-09T17:12:38","slug":"arquivos","status":"publish","type":"page","link":"https:\/\/blogs.ess-edu.pt\/sm2010\/arquivos\/","title":{"rendered":"Arquivos"},"content":{"rendered":"<ul class=\"wp-block-archives-list wp-block-archives\">\t<li><a href='https:\/\/blogs.ess-edu.pt\/sm2010\/2018\/12\/'>Dezembro 2018<\/a><\/li>\n\t<li><a href='https:\/\/blogs.ess-edu.pt\/sm2010\/2012\/03\/'>Mar\u00e7o 2012<\/a><\/li>\n\t<li><a href='https:\/\/blogs.ess-edu.pt\/sm2010\/2011\/03\/'>Mar\u00e7o 2011<\/a><\/li>\n\t<li><a href='https:\/\/blogs.ess-edu.pt\/sm2010\/2010\/07\/'>Julho 2010<\/a><\/li>\n\t<li><a href='https:\/\/blogs.ess-edu.pt\/sm2010\/2010\/06\/'>Junho 2010<\/a><\/li>\n\t<li><a href='https:\/\/blogs.ess-edu.pt\/sm2010\/2010\/03\/'>Mar\u00e7o 2010<\/a><\/li>\n\t<li><a href='https:\/\/blogs.ess-edu.pt\/sm2010\/2010\/02\/'>Fevereiro 2010<\/a><\/li>\n<\/ul>","protected":false},"excerpt":{"rendered":"","protected":false},"author":1,"featured_media":0,"parent":0,"menu_order":0,"comment_status":"closed","ping_status":"closed","template":"","meta":{"jetpack_post_was_ever_published":false,"footnotes":""},"class_list":["post-55","page","type-page","status-publish","czr-hentry"],"jetpack_sharing_enabled":true,"jetpack_shortlink":"https:\/\/wp.me\/PaunYK-T","jetpack-related-posts":[{"id":100,"url":"https:\/\/blogs.ess-edu.pt\/sm2010\/arquivos\/jogos\/","url_meta":{"origin":55,"position":0},"title":"Jogos","author":"admin","date":"8 de Mar\u00e7o de 2010","format":false,"excerpt":"","rel":"","context":"In &quot;Sem categoria&quot;","block_context":{"text":"Sem categoria","link":"https:\/\/blogs.ess-edu.pt\/sm2010\/category\/sem-categoria\/"},"img":{"alt_text":"","src":"","width":0,"height":0},"classes":[]},{"id":102,"url":"https:\/\/blogs.ess-edu.pt\/sm2010\/arquivos\/desafios\/","url_meta":{"origin":55,"position":1},"title":"Desafios","author":"admin","date":"8 de Mar\u00e7o de 2010","format":false,"excerpt":"","rel":"","context":"In &quot;Sem categoria&quot;","block_context":{"text":"Sem categoria","link":"https:\/\/blogs.ess-edu.pt\/sm2010\/category\/sem-categoria\/"},"img":{"alt_text":"","src":"","width":0,"height":0},"classes":[]},{"id":104,"url":"https:\/\/blogs.ess-edu.pt\/sm2010\/arquivos\/divulgacao\/","url_meta":{"origin":55,"position":2},"title":"Divulga\u00e7\u00e3o","author":"admin","date":"8 de Mar\u00e7o de 2010","format":false,"excerpt":"","rel":"","context":"In &quot;Sem categoria&quot;","block_context":{"text":"Sem categoria","link":"https:\/\/blogs.ess-edu.pt\/sm2010\/category\/sem-categoria\/"},"img":{"alt_text":"","src":"","width":0,"height":0},"classes":[]},{"id":105,"url":"https:\/\/blogs.ess-edu.pt\/sm2010\/arquivos\/video\/","url_meta":{"origin":55,"position":3},"title":"V\u00eddeo","author":"admin","date":"8 de Mar\u00e7o de 2010","format":false,"excerpt":"","rel":"","context":"In &quot;Sem categoria&quot;","block_context":{"text":"Sem categoria","link":"https:\/\/blogs.ess-edu.pt\/sm2010\/category\/sem-categoria\/"},"img":{"alt_text":"","src":"","width":0,"height":0},"classes":[]},{"id":57,"url":"https:\/\/blogs.ess-edu.pt\/sm2010\/mapa-do-sitio\/","url_meta":{"origin":55,"position":4},"title":"Mapa do S\u00edtio","author":"admin","date":"6 de Mar\u00e7o de 2010","format":false,"excerpt":"","rel":"","context":"In &quot;Sem categoria&quot;","block_context":{"text":"Sem categoria","link":"https:\/\/blogs.ess-edu.pt\/sm2010\/category\/sem-categoria\/"},"img":{"alt_text":"","src":"","width":0,"height":0},"classes":[]},{"id":122,"url":"https:\/\/blogs.ess-edu.pt\/sm2010\/desafio-sm\/desafio-da-sm-2010\/","url_meta":{"origin":55,"position":5},"title":"Desafio 2010","author":"Ant\u00f3nio Amaral","date":"10 de Mar\u00e7o de 2010","format":false,"excerpt":"O Desafio da Semana da Matem\u00e1tica\u00a0inclui a resolu\u00e7\u00e3o de um problema, cujo enunciado est\u00e1 numa p\u00e1gina, protegida por uma palavra-chave,\u00a0do S\u00edtio com Matem\u00e1tica (https:\/\/blogs.ess-edu.pt\/sm2010\/). A palavra-chave de acesso ao enunciado \u00e9\u00a0a solu\u00e7\u00e3o do seguinte problema: A Palavra-chave Qual \u00e9 o sexto termo\u00a0da sequ\u00eancia 1, 2, 6, 42, 1806, _______ ?\u2026","rel":"","context":"In &quot;Sem categoria&quot;","block_context":{"text":"Sem categoria","link":"https:\/\/blogs.ess-edu.pt\/sm2010\/category\/sem-categoria\/"},"img":{"alt_text":"","src":"https:\/\/i0.wp.com\/blogs.ess-edu.pt\/sm2010\/files\/2010\/03\/enigma13478-300x203.jpg?resize=350%2C200","width":350,"height":200},"classes":[]}],"_links":{"self":[{"href":"https:\/\/blogs.ess-edu.pt\/sm2010\/wp-json\/wp\/v2\/pages\/55","targetHints":{"allow":["GET"]}}],"collection":[{"href":"https:\/\/blogs.ess-edu.pt\/sm2010\/wp-json\/wp\/v2\/pages"}],"about":[{"href":"https:\/\/blogs.ess-edu.pt\/sm2010\/wp-json\/wp\/v2\/types\/page"}],"author":[{"embeddable":true,"href":"https:\/\/blogs.ess-edu.pt\/sm2010\/wp-json\/wp\/v2\/users\/1"}],"replies":[{"embeddable":true,"href":"https:\/\/blogs.ess-edu.pt\/sm2010\/wp-json\/wp\/v2\/comments?post=55"}],"version-history":[{"count":0,"href":"https:\/\/blogs.ess-edu.pt\/sm2010\/wp-json\/wp\/v2\/pages\/55\/revisions"}],"wp:attachment":[{"href":"https:\/\/blogs.ess-edu.pt\/sm2010\/wp-json\/wp\/v2\/media?parent=55"}],"curies":[{"name":"wp","href":"https:\/\/api.w.org\/{rel}","templated":true}]}}